?
14
Let o = -127 - -42. Let v = o + 182. What is the remainder when v is divided by 99/(-12)*-1*4?
31
What is the remainder when 698 is divided by -6 + (188 - 8)/3?
50
Let f(d) = 15*d**2 - 2*d - 2. Suppose 4*j = -u + 7, -3*j + 2*u + 19 = -0*j. Suppose 3 = j*x - 3. Calculate the remainder when f(x) is divided by 14.
12
Let y(h) = h**3 + 11*h**2 - 16*h - 35. Suppose -2*d - 180 = -2*s + 2*d, -5*d = -5*s + 445. Calculate the remainder when s is divided by y(-12).
10
Suppose 0 = 2*f - 6, -5*f + 145 = 5*w - 0*w. Let t(b) = -4*b**2 - 18*b - 1. Suppose -3*a + 0 - 12 = 0. Calculate the remainder when w is divided by t(a).
5
Let y = 15 - 14. Suppose -y = -2*r + 7. Suppose -5*j - r*m + 0*m + 58 = 0, m = 2. What is the remainder when 37 is divided by j?
7
Suppose 0 = -5*k - 4*w + 119, 3*k - 15 - 57 = -3*w. Suppose -45 = -4*n - 3*l - 4, 2*l + 18 = 3*n. Calculate the remainder when k is divided by n.
7
Suppose 0 = -37*o + 45*o - 96. What is the remainder when o is divided by 4?
0
Let g = -85 - -92. What is the remainder when 46 is divided by g?
4
Suppose 3*n - 156 = -4*s, 2*n - s - 2*s = 87. What is the remainder when n is divided by 13?
9
Let s(n) = 7*n**3 + 6*n**2 - 6*n. Suppose 0 = 4*x - 2*x - 28. Suppose 0*m + m = x. What is the remainder when s(2) is divided by m?
12
Let x = 140 - 115. Suppose -3*m + 5*h - x = -8*m, -2*h = 8. Let d = 80 + -37. What is the remainder when d is divided by m?
7
Let n(i) = 3*i**3 - i - 1. Let x(f) = 12*f**2 - 5*f + 4. Suppose -8*a + 10 = 2. What is the remainder when n(2) is divided by x(a)?
10
Let l(n) = 5*n - 172. Let s(m) = -m + 5. Calculate the remainder when l(39) is divided by s(0).
3
Let c = -1470 + 1559. What is the remainder when c is divided by 13?
11
Let k(f) = 14*f + 14 + 7*f**2 + 3*f**2 - 5*f. Let s = 44 - 28. What is the remainder when k(-3) is divided by s?
13
Let j(a) = -a**2 + 7*a - 4. Calculate the remainder when (102/(-12) + 7)*(-4 - 2) is divided by j(5).
3
Let r = 105 + -83. Let b = r - -28. What is the remainder when b is divided by 13?
11
Let f = 34 + -32. Suppose 36 = f*z - 166. Calculate the remainder when z is divided by 34.
33
Suppose -4*q + 5*r - 1030 = -6*q, -1579 = -3*q + r. What is the remainder when q is divided by 48?
45
Suppose -3*r + 8 = 2*f - 2, -r + 3*f - 4 = 0. Suppose -r*c + 54 = -0*c. Let u = -27 + 106. What is the remainder when u is divided by c?
25
Suppose -4*w - k = -130, -5*w + 171 = 2*k + 7. Calculate the remainder when 186 is divided by w.
26
Let z = -30 - -33. Suppose 358 = 4*f + 5*t, z*t - 291 - 150 = -5*f. What is the remainder when f is divided by 22?
21
Let g be 6 + (-1 + 1)/4. Calculate the remainder when 23 is divided by (-3 - 21)*(-3)/g.
11
Suppose -2*b - 45 = -b. Let z be 10/b - 2/(-9). Suppose 5*u - 35 - 15 = z. What is the remainder when 38 is divided by u?
8
Suppose 2*i - 29 = m - 0*m, 2*m - 54 = -4*i. Let k = i + -4. Calculate the remainder when 17 is divided by k.
7
What is the remainder when 1 + (-17)/((-34)/80) is divided by 26?
15
Let g be 0 + 0 - (2 + 1)*-3. Suppose -g*j + 115 = -4*j. Calculate the remainder when j is divided by 5.
3
Let d(l) = -l - 6. Let c be d(-8). Let i(v) = 12*v**2 - 7*v. Calculate the remainder when 64 is divided by i(c).
30
Let i(w) = 2*w**2 + w - 1. What is the remainder when (-42)/70 - (1 + (-566)/10) is divided by i(3)?
15
What is the remainder when (-704)/(-64) - (-2 - 818) is divided by 119?
117
Suppose -6*r - 96 = -2*r + 5*s, 83 = -5*r + 3*s. Let y = r - -24. Let d = y + 134. Calculate the remainder when d is divided by 35.
34
What is the remainder when (-8)/(-12) - (-1712)/24 is divided by 19?
15
Let a(l) = l + 11. Calculate the remainder when (-7)/(-5 - -4) + 1 is divided by a(-8).
2
Suppose -161 = -5*c + 234. What is the remainder when c - (-5)/(25/20) is divided by 28?
27
Let b = 8 - 5. Suppose -b*a = x - 0*x - 71, -5*x - a = -425. Let u = 1390 + -1368. Calculate the remainder when x is divided by u.
20
Let r(z) be the first derivative of z**3/3 + z**2/2 - z - 3. Let l = -430 - -441. Calculate the remainder when r(4) is divided by l.
8
Let v(m) = -9*m + 25. Suppose y = -3*p + 2*y - 337, 5*p - y = -565. Let i = -73 - p. Calculate the remainder when i is divided by v(2).
6
Calculate the remainder when (-11*3/12)/(43/(-4472)) is divided by 25.
11
Suppose 8*y - 121 - 31 = 0. Calculate the remainder when 32 is divided by y.
13
Let f(w) = -w**2 + 3*w + 32. Let u be f(0). Suppose 196 = 2*s - 4*n, -s = -3*n + u - 133. What is the remainder when s is divided by 47?
45
Suppose -8*n = 3*n - 1188. What is the remainder when n is divided by 22?
20
Let z = -229 - -245. Calculate the remainder when 263 is divided by z.
7
Suppose -4*n + 34 = 4*p - 14, 4 = -4*p. Calculate the remainder when 35 is divided by n.
9
Suppose 0 = -4*a + 2*a + 24. Suppose 3*q = 5*v - 0*v - 107, a = -3*q. What is the remainder when 93 is divided by v?
17
Let l(h) = 2*h**2 + 15*h - 3. Let g be (-245)/21 + 1/(-3). What is the remainder when l(g) is divided by 27?
24
Suppose 1959 = -3*v + 2136. Calculate the remainder when v is divided by 15.
14
Let m = 408 + -385. Calculate the remainder when 226 is divided by m.
19
Let a = -29 - 44. Let p = 102 + a. Suppose 4*c - 107 - p = 0. What is the remainder when 66 is divided by c?
32
Suppose -4*r = -x - 2274, -13*r - 4*x = -9*r - 2264. What is the remainder when r is divided by 10?
8
Let w = 25 - 46. Let c = w + 37. Suppose 2*f = -4*m + 8, 0*f - 4*m = f - 2. What is the remainder when c is divided by f?
4
Let r = -195 - -205. Calculate the remainder when 88 is divided by r.
8
Let q(y) = -2*y + 16. Suppose 27 = -3*o + 27. Calculate the remainder when 45 is divided by q(o).
13
Suppose -2*t = t - 6*t. Suppose -5*l + 0*l + 5 = 0. What is the remainder when (0 - l - t)*-2 is divided by 1?
0
Let o be -64 - (4 - 1) - 5. Let t = o - -217. What is the remainder when t is divided by 37?
34
Suppose 78*s - 72*s = 96. Suppose -44 = -4*m - 8. What is the remainder when s is divided by m?
7
Let q(u) = -15*u + 48. Calculate the remainder when 11 is divided by q(3).
2
Let g(c) = 3*c**2 + 36*c - 21. Let q be -1 + 4 + (-54)/3. Calculate the remainder when g(q) is divided by 15.
9
Let z(c) = c**2 + 7*c - 7. Let l be z(-8). What is the remainder when (29/(-3))/(l/(-3)) is divided by 6?
5
Let a(y) = -16*y - 467. What is the remainder when a(-33) is divided by 12?
1
Let x(i) = 2*i**3 + 2*i**2 - 8*i - 15. Let y be x(-2). Let r(s) = -s**3 - 6*s**2 + 7*s + 19. Calculate the remainder when r(y) is divided by 9.
1
Suppose 280 - 4186 = 3*w. Calculate the remainder when 15 is divided by (-1)/(-7) + w/(-147).
6
Suppose 7 = -7*o + 77. Suppose 1358 + 212 = o*l. What is the remainder when l is divided by 32?
29
Calculate the remainder when 609 is divided by 367/6 + 6/144*-4.
60
Suppose 0 = -22*z + 18*z - 5*n + 167, -5*n + 71 = 2*z. Calculate the remainder when 1006 is divided by z.
46
Let z(m) = -2*m + 13. Let r = 380 + -250. What is the remainder when r is divided by z(-10)?
31
Suppose 3*q = 5*z - 847 - 126, -4*q + 5*z = 1289. Let o = -125 - q. What is the remainder when o is divided by 48?
47
Suppose 9 = 2*z - 15. What is the remainder when 64 is divided by z?
4
Suppose 0 = 5*p - 3*c - 110, -7*p + 4*p + 55 = -4*c. Calculate the remainder when 297 is divided by p.
22
Let h(o) = 10*o + 216. Let k(f) = 2*f + 43. Let q(v) = 3*h(v) - 16*k(v). Calculate the remainder when 17 is divided by q(-21).
1
Suppose 5*a = -3*b + 11 + 17, -5*b = a - 32. Suppose -b*i - 8 = -284. Calculate the remainder when i is divided by 24.
22
Suppose -5*i = -106 - 69. Suppose -2*q - 4*l = -34, q - l - 18 + 13 = 0. Calculate the remainder when i is divided by q.
8
Let w(x) = -x**2 - 4*x - 1. Let m = 12 - 5. Let k be m/(-3) - 1/(-3). What is the remainder when w(k) is divided by 2?
1
Let z(t) = t**3 + 20*t**2 + 17*t - 24. Let j(u) = u + 4. Let w be j(-7). Calculate the remainder when ((-82)/(-4))/(w/(-6)) is divided by z(-19).
13
What is the remainder when (6 + (-815)/5)*-1 is divided by 16?
13
What is the remainder when (-15)/10*40/(-12) - -83 is divided by 10?
8
Suppose 0 = -2*b - 0*b - 10. Suppose -78 = 2*w - 56. Let y = b - w. What is the remainder when y is divided by 3?
0
Let a(s) = s**2 + 5*s - 10. Calculate the remainder when 217 is divided by a(-7).
1
Suppose 5*y + 1000 = 5*q,